{"id":389,"date":"2024-09-25T16:51:25","date_gmt":"2024-09-25T14:51:25","guid":{"rendered":"https:\/\/pdbrbkiyx.preview.infomaniak.website\/?post_type=realisations&#038;p=389"},"modified":"2026-02-18T11:53:05","modified_gmt":"2026-02-18T10:53:05","slug":"automobile","status":"publish","type":"realisations","link":"https:\/\/www.mmbpro.com\/en\/realisations\/automobile\/","title":{"rendered":"Mobilit\u00e9"},"content":{"rendered":"\n<div class=\"wp-block-group is-style-large\"><div class=\"wp-block-group__inner-container is-layout-constrained wp-block-group-is-layout-constrained\">\n<div class=\"wp-block-columns is-layout-flex wp-container-core-columns-is-layout-9d6595d7 wp-block-columns-is-layout-flex\">\n<div class=\"wp-block-column is-layout-flow wp-block-column-is-layout-flow\">\n<figure class=\"wp-block-image size-full\"><img loading=\"lazy\" decoding=\"async\" width=\"676\" height=\"857\" src=\"https:\/\/www.mmbpro.com\/wp-content\/uploads\/2024\/09\/2015-Peugeot-Fractal2-recadre.jpg\" alt=\"Peugeot Fractal\" class=\"wp-image-285\" srcset=\"https:\/\/www.mmbpro.com\/wp-content\/uploads\/2024\/09\/2015-Peugeot-Fractal2-recadre.jpg 676w, https:\/\/www.mmbpro.com\/wp-content\/uploads\/2024\/09\/2015-Peugeot-Fractal2-recadre-237x300.jpg 237w, https:\/\/www.mmbpro.com\/wp-content\/uploads\/2024\/09\/2015-Peugeot-Fractal2-recadre-316x400.jpg 316w\" sizes=\"auto, (max-width: 676px) 100vw, 676px\" \/><figcaption class=\"wp-element-caption\">Peugeot Fractal &#8211; Ornement tableau de bord <\/figcaption><\/figure>\n\n\n\n<p class=\"has-text-align-center\"><strong>MMB VOLUM-e a contribu\u00e9 \u00e0 la pr\u00e9sentation du concept-car Peugeot Fractal en r\u00e9alisant des pi\u00e8ces d&#8217;ornement du tableau de bord, alliant haute pr\u00e9cision et finitions d&#8217;exception.<\/strong><\/p>\n<\/div>\n\n\n\n<div class=\"wp-block-column is-layout-flow wp-block-column-is-layout-flow\">\n<figure class=\"wp-block-image size-full\"><img loading=\"lazy\" decoding=\"async\" width=\"675\" height=\"900\" src=\"https:\/\/www.mmbpro.com\/wp-content\/uploads\/2025\/03\/Mini-canule-Alpine.png\" alt=\"\" class=\"wp-image-1105\" srcset=\"https:\/\/www.mmbpro.com\/wp-content\/uploads\/2025\/03\/Mini-canule-Alpine.png 675w, https:\/\/www.mmbpro.com\/wp-content\/uploads\/2025\/03\/Mini-canule-Alpine-225x300.png 225w, https:\/\/www.mmbpro.com\/wp-content\/uploads\/2025\/03\/Mini-canule-Alpine-300x400.png 300w\" sizes=\"auto, (max-width: 675px) 100vw, 675px\" \/><figcaption class=\"wp-element-caption\">Canule double \u00e9chappement &#8211; Alpine<\/figcaption><\/figure>\n\n\n\n<p class=\"has-text-align-center\"><strong>Le constructeur automobile fran\u00e7ais Alpine a apport\u00e9 de nouvelles sensations aux conducteurs de l&#8217;Alpine A110 R par son nouveau syst\u00e8me d&#8217;\u00e9chappement avec double canule centrale r\u00e9alis\u00e9e en fabrication additive. R\u00e9alisation en s\u00e9rie par MMB VOLUM-e.<\/strong><\/p>\n<\/div>\n<\/div>\n\n\n\n<div class=\"wp-block-columns is-layout-flex wp-container-core-columns-is-layout-9d6595d7 wp-block-columns-is-layout-flex\">\n<div class=\"wp-block-column is-layout-flow wp-block-column-is-layout-flow\">\n<figure class=\"wp-block-image size-large\"><img loading=\"lazy\" decoding=\"async\" width=\"1024\" height=\"682\" src=\"https:\/\/www.mmbpro.com\/wp-content\/uploads\/2025\/03\/2017-DS-Habillage-cadran-titane-2-1024x682.jpg\" alt=\"\" class=\"wp-image-1085\" srcset=\"https:\/\/www.mmbpro.com\/wp-content\/uploads\/2025\/03\/2017-DS-Habillage-cadran-titane-2-1024x682.jpg 1024w, https:\/\/www.mmbpro.com\/wp-content\/uploads\/2025\/03\/2017-DS-Habillage-cadran-titane-2-300x200.jpg 300w, https:\/\/www.mmbpro.com\/wp-content\/uploads\/2025\/03\/2017-DS-Habillage-cadran-titane-2-768x512.jpg 768w, https:\/\/www.mmbpro.com\/wp-content\/uploads\/2025\/03\/2017-DS-Habillage-cadran-titane-2-1536x1024.jpg 1536w, https:\/\/www.mmbpro.com\/wp-content\/uploads\/2025\/03\/2017-DS-Habillage-cadran-titane-2-400x267.jpg 400w, https:\/\/www.mmbpro.com\/wp-content\/uploads\/2025\/03\/2017-DS-Habillage-cadran-titane-2.jpg 2000w\" sizes=\"auto, (max-width: 1024px) 100vw, 1024px\" \/><figcaption class=\"wp-element-caption\">DS Divine &#8211; Ornement cadran<\/figcaption><\/figure>\n<\/div>\n\n\n\n<div class=\"wp-block-column is-layout-flow wp-block-column-is-layout-flow\">\n<figure class=\"wp-block-image size-full\"><img loading=\"lazy\" decoding=\"async\" width=\"2000\" height=\"1333\" src=\"https:\/\/www.mmbpro.com\/wp-content\/uploads\/2025\/03\/IMG_9157.jpg\" alt=\"\" class=\"wp-image-1093\" srcset=\"https:\/\/www.mmbpro.com\/wp-content\/uploads\/2025\/03\/IMG_9157.jpg 2000w, https:\/\/www.mmbpro.com\/wp-content\/uploads\/2025\/03\/IMG_9157-300x200.jpg 300w, https:\/\/www.mmbpro.com\/wp-content\/uploads\/2025\/03\/IMG_9157-1024x682.jpg 1024w, https:\/\/www.mmbpro.com\/wp-content\/uploads\/2025\/03\/IMG_9157-768x512.jpg 768w, https:\/\/www.mmbpro.com\/wp-content\/uploads\/2025\/03\/IMG_9157-1536x1024.jpg 1536w, https:\/\/www.mmbpro.com\/wp-content\/uploads\/2025\/03\/IMG_9157-400x267.jpg 400w\" sizes=\"auto, (max-width: 2000px) 100vw, 2000px\" \/><figcaption class=\"wp-element-caption\">Val\u00e9o &#8211; Carter <\/figcaption><\/figure>\n<\/div>\n<\/div>\n<\/div><\/div>\n","protected":false},"featured_media":286,"template":"","class_list":["post-389","realisations","type-realisations","status-publish","has-post-thumbnail","hentry"],"yoast_head":"<!-- This site is optimized with the Yoast SEO plugin v27.2 - https:\/\/yoast.com\/product\/yoast-seo-wordpress\/ -->\n<title>Mobilit\u00e9 - MMB Volum-e<\/title>\n<meta name=\"robots\" content=\"index, follow, max-snippet:-1, max-image-preview:large, max-video-preview:-1\" \/>\n<link rel=\"canonical\" href=\"https:\/\/www.mmbpro.com\/en\/realisations\/automobile\/\" \/>\n<meta property=\"og:locale\" content=\"en_US\" \/>\n<meta property=\"og:type\" content=\"article\" \/>\n<meta property=\"og:title\" content=\"Mobilit\u00e9 - MMB Volum-e\" \/>\n<meta property=\"og:description\" content=\"MMB VOLUM-e a contribu\u00e9 \u00e0 la pr\u00e9sentation du concept-car Peugeot Fractal en r\u00e9alisant des pi\u00e8ces d&#8217;ornement du tableau de bord, alliant haute pr\u00e9cision et finitions d&#8217;exception. Le constructeur automobile fran\u00e7ais Alpine a apport\u00e9 de nouvelles sensations aux conducteurs de l&#8217;Alpine A110 R par son nouveau syst\u00e8me d&#8217;\u00e9chappement avec double canule centrale r\u00e9alis\u00e9e en fabrication additive. [&hellip;]\" \/>\n<meta property=\"og:url\" content=\"https:\/\/www.mmbpro.com\/en\/realisations\/automobile\/\" \/>\n<meta property=\"og:site_name\" content=\"MMB Volum-e\" \/>\n<meta property=\"article:modified_time\" content=\"2026-02-18T10:53:05+00:00\" \/>\n<meta property=\"og:image\" content=\"https:\/\/www.mmbpro.com\/wp-content\/uploads\/2024\/09\/2015-Peugeot-Fractal1-recadre.jpg\" \/>\n\t<meta property=\"og:image:width\" content=\"728\" \/>\n\t<meta property=\"og:image:height\" content=\"959\" \/>\n\t<meta property=\"og:image:type\" content=\"image\/jpeg\" \/>\n<meta name=\"twitter:card\" content=\"summary_large_image\" \/>\n<meta name=\"twitter:label1\" content=\"Est. reading time\" \/>\n\t<meta name=\"twitter:data1\" content=\"2 minutes\" \/>\n<script type=\"application\/ld+json\" class=\"yoast-schema-graph\">{\"@context\":\"https:\/\/schema.org\",\"@graph\":[{\"@type\":\"WebPage\",\"@id\":\"https:\/\/www.mmbpro.com\/en\/realisations\/automobile\/\",\"url\":\"https:\/\/www.mmbpro.com\/en\/realisations\/automobile\/\",\"name\":\"Mobilit\u00e9 - MMB Volum-e\",\"isPartOf\":{\"@id\":\"https:\/\/www.mmbpro.com\/en\/#website\"},\"primaryImageOfPage\":{\"@id\":\"https:\/\/www.mmbpro.com\/en\/realisations\/automobile\/#primaryimage\"},\"image\":{\"@id\":\"https:\/\/www.mmbpro.com\/en\/realisations\/automobile\/#primaryimage\"},\"thumbnailUrl\":\"https:\/\/www.mmbpro.com\/wp-content\/uploads\/2024\/09\/2015-Peugeot-Fractal1-recadre.jpg\",\"datePublished\":\"2024-09-25T14:51:25+00:00\",\"dateModified\":\"2026-02-18T10:53:05+00:00\",\"breadcrumb\":{\"@id\":\"https:\/\/www.mmbpro.com\/en\/realisations\/automobile\/#breadcrumb\"},\"inLanguage\":\"en-US\",\"potentialAction\":[{\"@type\":\"ReadAction\",\"target\":[\"https:\/\/www.mmbpro.com\/en\/realisations\/automobile\/\"]}]},{\"@type\":\"ImageObject\",\"inLanguage\":\"en-US\",\"@id\":\"https:\/\/www.mmbpro.com\/en\/realisations\/automobile\/#primaryimage\",\"url\":\"https:\/\/www.mmbpro.com\/wp-content\/uploads\/2024\/09\/2015-Peugeot-Fractal1-recadre.jpg\",\"contentUrl\":\"https:\/\/www.mmbpro.com\/wp-content\/uploads\/2024\/09\/2015-Peugeot-Fractal1-recadre.jpg\",\"width\":728,\"height\":959,\"caption\":\"Design int\u00e9rieur de v\u00e9hicule Peugeot Fractal\"},{\"@type\":\"BreadcrumbList\",\"@id\":\"https:\/\/www.mmbpro.com\/en\/realisations\/automobile\/#breadcrumb\",\"itemListElement\":[{\"@type\":\"ListItem\",\"position\":1,\"name\":\"Accueil\",\"item\":\"https:\/\/www.mmbpro.com\/en\/\"},{\"@type\":\"ListItem\",\"position\":2,\"name\":\"Th\u00e9matiques\",\"item\":\"https:\/\/www.mmbpro.com\/en\/realisations\/\"},{\"@type\":\"ListItem\",\"position\":3,\"name\":\"Mobilit\u00e9\"}]},{\"@type\":\"WebSite\",\"@id\":\"https:\/\/www.mmbpro.com\/en\/#website\",\"url\":\"https:\/\/www.mmbpro.com\/en\/\",\"name\":\"MMB Volum-e\",\"description\":\"\",\"potentialAction\":[{\"@type\":\"SearchAction\",\"target\":{\"@type\":\"EntryPoint\",\"urlTemplate\":\"https:\/\/www.mmbpro.com\/en\/?s={search_term_string}\"},\"query-input\":{\"@type\":\"PropertyValueSpecification\",\"valueRequired\":true,\"valueName\":\"search_term_string\"}}],\"inLanguage\":\"en-US\"}]}<\/script>\n<!-- \/ Yoast SEO plugin. -->","yoast_head_json":{"title":"Mobilit\u00e9 - MMB Volum-e","robots":{"index":"index","follow":"follow","max-snippet":"max-snippet:-1","max-image-preview":"max-image-preview:large","max-video-preview":"max-video-preview:-1"},"canonical":"https:\/\/www.mmbpro.com\/en\/realisations\/automobile\/","og_locale":"en_US","og_type":"article","og_title":"Mobilit\u00e9 - MMB Volum-e","og_description":"MMB VOLUM-e a contribu\u00e9 \u00e0 la pr\u00e9sentation du concept-car Peugeot Fractal en r\u00e9alisant des pi\u00e8ces d&#8217;ornement du tableau de bord, alliant haute pr\u00e9cision et finitions d&#8217;exception. Le constructeur automobile fran\u00e7ais Alpine a apport\u00e9 de nouvelles sensations aux conducteurs de l&#8217;Alpine A110 R par son nouveau syst\u00e8me d&#8217;\u00e9chappement avec double canule centrale r\u00e9alis\u00e9e en fabrication additive. [&hellip;]","og_url":"https:\/\/www.mmbpro.com\/en\/realisations\/automobile\/","og_site_name":"MMB Volum-e","article_modified_time":"2026-02-18T10:53:05+00:00","og_image":[{"width":728,"height":959,"url":"https:\/\/www.mmbpro.com\/wp-content\/uploads\/2024\/09\/2015-Peugeot-Fractal1-recadre.jpg","type":"image\/jpeg"}],"twitter_card":"summary_large_image","twitter_misc":{"Est. reading time":"2 minutes"},"schema":{"@context":"https:\/\/schema.org","@graph":[{"@type":"WebPage","@id":"https:\/\/www.mmbpro.com\/en\/realisations\/automobile\/","url":"https:\/\/www.mmbpro.com\/en\/realisations\/automobile\/","name":"Mobilit\u00e9 - MMB Volum-e","isPartOf":{"@id":"https:\/\/www.mmbpro.com\/en\/#website"},"primaryImageOfPage":{"@id":"https:\/\/www.mmbpro.com\/en\/realisations\/automobile\/#primaryimage"},"image":{"@id":"https:\/\/www.mmbpro.com\/en\/realisations\/automobile\/#primaryimage"},"thumbnailUrl":"https:\/\/www.mmbpro.com\/wp-content\/uploads\/2024\/09\/2015-Peugeot-Fractal1-recadre.jpg","datePublished":"2024-09-25T14:51:25+00:00","dateModified":"2026-02-18T10:53:05+00:00","breadcrumb":{"@id":"https:\/\/www.mmbpro.com\/en\/realisations\/automobile\/#breadcrumb"},"inLanguage":"en-US","potentialAction":[{"@type":"ReadAction","target":["https:\/\/www.mmbpro.com\/en\/realisations\/automobile\/"]}]},{"@type":"ImageObject","inLanguage":"en-US","@id":"https:\/\/www.mmbpro.com\/en\/realisations\/automobile\/#primaryimage","url":"https:\/\/www.mmbpro.com\/wp-content\/uploads\/2024\/09\/2015-Peugeot-Fractal1-recadre.jpg","contentUrl":"https:\/\/www.mmbpro.com\/wp-content\/uploads\/2024\/09\/2015-Peugeot-Fractal1-recadre.jpg","width":728,"height":959,"caption":"Design int\u00e9rieur de v\u00e9hicule Peugeot Fractal"},{"@type":"BreadcrumbList","@id":"https:\/\/www.mmbpro.com\/en\/realisations\/automobile\/#breadcrumb","itemListElement":[{"@type":"ListItem","position":1,"name":"Accueil","item":"https:\/\/www.mmbpro.com\/en\/"},{"@type":"ListItem","position":2,"name":"Th\u00e9matiques","item":"https:\/\/www.mmbpro.com\/en\/realisations\/"},{"@type":"ListItem","position":3,"name":"Mobilit\u00e9"}]},{"@type":"WebSite","@id":"https:\/\/www.mmbpro.com\/en\/#website","url":"https:\/\/www.mmbpro.com\/en\/","name":"MMB Volum-e","description":"","potentialAction":[{"@type":"SearchAction","target":{"@type":"EntryPoint","urlTemplate":"https:\/\/www.mmbpro.com\/en\/?s={search_term_string}"},"query-input":{"@type":"PropertyValueSpecification","valueRequired":true,"valueName":"search_term_string"}}],"inLanguage":"en-US"}]}},"_links":{"self":[{"href":"https:\/\/www.mmbpro.com\/en\/wp-json\/wp\/v2\/realisations\/389","targetHints":{"allow":["GET"]}}],"collection":[{"href":"https:\/\/www.mmbpro.com\/en\/wp-json\/wp\/v2\/realisations"}],"about":[{"href":"https:\/\/www.mmbpro.com\/en\/wp-json\/wp\/v2\/types\/realisations"}],"wp:featuredmedia":[{"embeddable":true,"href":"https:\/\/www.mmbpro.com\/en\/wp-json\/wp\/v2\/media\/286"}],"wp:attachment":[{"href":"https:\/\/www.mmbpro.com\/en\/wp-json\/wp\/v2\/media?parent=389"}],"curies":[{"name":"wp","href":"https:\/\/api.w.org\/{rel}","templated":true}]}}

Mobilité

<div class="wp-block-group is-style-large"><div class="wp-block-group__inner-container is-layout-constrained wp-block-group-is-layout-constrained">
<div class="wp-block-columns is-layout-flex wp-container-core-columns-is-layout-9d6595d7 wp-block-columns-is-layout-flex">
<div class="wp-block-column is-layout-flow wp-block-column-is-layout-flow">
<figure class="wp-block-image size-full"><img loading="lazy" decoding="async" width="676" height="857" src="https://www.mmbpro.com/wp-content/uploads/2024/09/2015-Peugeot-Fractal2-recadre.jpg" alt="Peugeot Fractal" class="wp-image-285" srcset="https://www.mmbpro.com/wp-content/uploads/2024/09/2015-Peugeot-Fractal2-recadre.jpg 676w, https://www.mmbpro.com/wp-content/uploads/2024/09/2015-Peugeot-Fractal2-recadre-237x300.jpg 237w, https://www.mmbpro.com/wp-content/uploads/2024/09/2015-Peugeot-Fractal2-recadre-316x400.jpg 316w" sizes="auto, (max-width: 676px) 100vw, 676px" /><figcaption class="wp-element-caption">Peugeot Fractal &#8211; Ornement tableau de bord </figcaption></figure>



<p class="has-text-align-center"><strong>MMB VOLUM-e a contribué à la présentation du concept-car Peugeot Fractal en réalisant des pièces d&#8217;ornement du tableau de bord, alliant haute précision et finitions d&#8217;exception.</strong></p>
</div>



<div class="wp-block-column is-layout-flow wp-block-column-is-layout-flow">
<figure class="wp-block-image size-full"><img loading="lazy" decoding="async" width="675" height="900" src="https://www.mmbpro.com/wp-content/uploads/2025/03/Mini-canule-Alpine.png" alt="" class="wp-image-1105" srcset="https://www.mmbpro.com/wp-content/uploads/2025/03/Mini-canule-Alpine.png 675w, https://www.mmbpro.com/wp-content/uploads/2025/03/Mini-canule-Alpine-225x300.png 225w, https://www.mmbpro.com/wp-content/uploads/2025/03/Mini-canule-Alpine-300x400.png 300w" sizes="auto, (max-width: 675px) 100vw, 675px" /><figcaption class="wp-element-caption">Canule double échappement &#8211; Alpine</figcaption></figure>



<p class="has-text-align-center"><strong>Le constructeur automobile français Alpine a apporté de nouvelles sensations aux conducteurs de l&#8217;Alpine A110 R par son nouveau système d&#8217;échappement avec double canule centrale réalisée en fabrication additive. Réalisation en série par MMB VOLUM-e.</strong></p>
</div>
</div>



<div class="wp-block-columns is-layout-flex wp-container-core-columns-is-layout-9d6595d7 wp-block-columns-is-layout-flex">
<div class="wp-block-column is-layout-flow wp-block-column-is-layout-flow">
<figure class="wp-block-image size-large"><img loading="lazy" decoding="async" width="1024" height="682" src="https://www.mmbpro.com/wp-content/uploads/2025/03/2017-DS-Habillage-cadran-titane-2-1024x682.jpg" alt="" class="wp-image-1085" srcset="https://www.mmbpro.com/wp-content/uploads/2025/03/2017-DS-Habillage-cadran-titane-2-1024x682.jpg 1024w, https://www.mmbpro.com/wp-content/uploads/2025/03/2017-DS-Habillage-cadran-titane-2-300x200.jpg 300w, https://www.mmbpro.com/wp-content/uploads/2025/03/2017-DS-Habillage-cadran-titane-2-768x512.jpg 768w, https://www.mmbpro.com/wp-content/uploads/2025/03/2017-DS-Habillage-cadran-titane-2-1536x1024.jpg 1536w, https://www.mmbpro.com/wp-content/uploads/2025/03/2017-DS-Habillage-cadran-titane-2-400x267.jpg 400w, https://www.mmbpro.com/wp-content/uploads/2025/03/2017-DS-Habillage-cadran-titane-2.jpg 2000w" sizes="auto, (max-width: 1024px) 100vw, 1024px" /><figcaption class="wp-element-caption">DS Divine &#8211; Ornement cadran</figcaption></figure>
</div>



<div class="wp-block-column is-layout-flow wp-block-column-is-layout-flow">
<figure class="wp-block-image size-full"><img loading="lazy" decoding="async" width="2000" height="1333" src="https://www.mmbpro.com/wp-content/uploads/2025/03/IMG_9157.jpg" alt="" class="wp-image-1093" srcset="https://www.mmbpro.com/wp-content/uploads/2025/03/IMG_9157.jpg 2000w, https://www.mmbpro.com/wp-content/uploads/2025/03/IMG_9157-300x200.jpg 300w, https://www.mmbpro.com/wp-content/uploads/2025/03/IMG_9157-1024x682.jpg 1024w, https://www.mmbpro.com/wp-content/uploads/2025/03/IMG_9157-768x512.jpg 768w, https://www.mmbpro.com/wp-content/uploads/2025/03/IMG_9157-1536x1024.jpg 1536w, https://www.mmbpro.com/wp-content/uploads/2025/03/IMG_9157-400x267.jpg 400w" sizes="auto, (max-width: 2000px) 100vw, 2000px" /><figcaption class="wp-element-caption">Valéo &#8211; Carter </figcaption></figure>
</div>
</div>
</div></div>

<!-- This site is optimized with the Yoast SEO plugin v27.2 - https://yoast.com/product/yoast-seo-wordpress/ -->
<title>Mobilité - MMB Volum-e</title>
<meta name="robots" content="index, follow, max-snippet:-1, max-image-preview:large, max-video-preview:-1" />
<link rel="canonical" href="https://www.mmbpro.com/en/realisations/automobile/" />
<meta property="og:locale" content="en_US" />
<meta property="og:type" content="article" />
<meta property="og:title" content="Mobilité - MMB Volum-e" />
<meta property="og:description" content="MMB VOLUM-e a contribué à la présentation du concept-car Peugeot Fractal en réalisant des pièces d&#8217;ornement du tableau de bord, alliant haute précision et finitions d&#8217;exception. Le constructeur automobile français Alpine a apporté de nouvelles sensations aux conducteurs de l&#8217;Alpine A110 R par son nouveau système d&#8217;échappement avec double canule centrale réalisée en fabrication additive. [&hellip;]" />
<meta property="og:url" content="https://www.mmbpro.com/en/realisations/automobile/" />
<meta property="og:site_name" content="MMB Volum-e" />
<meta property="article:modified_time" content="2026-02-18T10:53:05+00:00" />
<meta property="og:image" content="https://www.mmbpro.com/wp-content/uploads/2024/09/2015-Peugeot-Fractal1-recadre.jpg" />
	<meta property="og:image:width" content="728" />
	<meta property="og:image:height" content="959" />
	<meta property="og:image:type" content="image/jpeg" />
<meta name="twitter:card" content="summary_large_image" />
<meta name="twitter:label1" content="Est. reading time" />
	<meta name="twitter:data1" content="2 minutes" />
<script type="application/ld+json" class="yoast-schema-graph">{"@context":"https://schema.org","@graph":[{"@type":"WebPage","@id":"https://www.mmbpro.com/en/realisations/automobile/","url":"https://www.mmbpro.com/en/realisations/automobile/","name":"Mobilité - MMB Volum-e","isPartOf":{"@id":"https://www.mmbpro.com/en/#website"},"primaryImageOfPage":{"@id":"https://www.mmbpro.com/en/realisations/automobile/#primaryimage"},"image":{"@id":"https://www.mmbpro.com/en/realisations/automobile/#primaryimage"},"thumbnailUrl":"https://www.mmbpro.com/wp-content/uploads/2024/09/2015-Peugeot-Fractal1-recadre.jpg","datePublished":"2024-09-25T14:51:25+00:00","dateModified":"2026-02-18T10:53:05+00:00","breadcrumb":{"@id":"https://www.mmbpro.com/en/realisations/automobile/#breadcrumb"},"inLanguage":"en-US","potentialAction":[{"@type":"ReadAction","target":["https://www.mmbpro.com/en/realisations/automobile/"]}]},{"@type":"ImageObject","inLanguage":"en-US","@id":"https://www.mmbpro.com/en/realisations/automobile/#primaryimage","url":"https://www.mmbpro.com/wp-content/uploads/2024/09/2015-Peugeot-Fractal1-recadre.jpg","contentUrl":"https://www.mmbpro.com/wp-content/uploads/2024/09/2015-Peugeot-Fractal1-recadre.jpg","width":728,"height":959,"caption":"Design intérieur de véhicule Peugeot Fractal"},{"@type":"BreadcrumbList","@id":"https://www.mmbpro.com/en/realisations/automobile/#breadcrumb","itemListElement":[{"@type":"ListItem","position":1,"name":"Accueil","item":"https://www.mmbpro.com/en/"},{"@type":"ListItem","position":2,"name":"Thématiques","item":"https://www.mmbpro.com/en/realisations/"},{"@type":"ListItem","position":3,"name":"Mobilité"}]},{"@type":"WebSite","@id":"https://www.mmbpro.com/en/#website","url":"https://www.mmbpro.com/en/","name":"MMB Volum-e","description":"","potentialAction":[{"@type":"SearchAction","target":{"@type":"EntryPoint","urlTemplate":"https://www.mmbpro.com/en/?s={search_term_string}"},"query-input":{"@type":"PropertyValueSpecification","valueRequired":true,"valueName":"search_term_string"}}],"inLanguage":"en-US"}]}</script>
<!-- / Yoast SEO plugin. -->

Mobilité - MMB Volum-e

MMB VOLUM-e a contribué à la présentation du concept-car Peugeot Fractal en réalisant des pièces d&#8217;ornement du tableau de bord, alliant haute précision et finitions d&#8217;exception. Le constructeur automobile français Alpine a apporté de nouvelles sensations aux conducteurs de l&#8217;Alpine A110 R par son nouveau système d&#8217;échappement avec double canule centrale réalisée en fabrication additive. [&hellip;]

Design intérieur de véhicule Peugeot Fractal

Thématiques
